{"id":39,"date":"2025-08-14T22:09:56","date_gmt":"2025-08-14T20:09:56","guid":{"rendered":"https:\/\/kerclend.com\/?page_id=39"},"modified":"2025-08-18T02:08:57","modified_gmt":"2025-08-18T00:08:57","slug":"about","status":"publish","type":"page","link":"https:\/\/kerclend.com\/?page_id=39","title":{"rendered":"About"},"content":{"rendered":"\t\t<div data-elementor-type=\"wp-page\" data-elementor-id=\"39\" class=\"elementor elementor-39\" data-elementor-post-type=\"page\">\n\t\t\t\t<div class=\"elementor-element elementor-element-3d13af5 e-flex e-con-boxed e-con e-parent\" data-id=\"3d13af5\" data-element_type=\"container\">\n\t\t\t\t\t<div class=\"e-con-inner\">\n\t\t\t\t<div class=\"elementor-element elementor-element-800844f elementor-widget elementor-widget-heading\" data-id=\"800844f\" data-element_type=\"widget\" data-widget_type=\"heading.default\">\n\t\t\t\t\t<h2 class=\"elementor-heading-title elementor-size-default\">\u00c0 propos de Kerclend<\/h2>\t\t\t\t<\/div>\n\t\t\t\t<div class=\"elementor-element elementor-element-9ec0fb4 elementor-widget elementor-widget-text-editor\" data-id=\"9ec0fb4\" data-element_type=\"widget\" data-widget_type=\"text-editor.default\">\n\t\t\t\t\t\t\t\t\t<p data-start=\"146\" data-end=\"254\">\u00a0 \u00a0 \u00a0 \u00a0 \u00a0 \u00a0Bienvenue chez <strong data-start=\"161\" data-end=\"173\">Kerclend<\/strong> \u2013 l\u2019univers o\u00f9 <strong data-start=\"189\" data-end=\"204\">inspiration<\/strong>, <strong data-start=\"206\" data-end=\"223\">connaissances<\/strong> et <strong data-start=\"227\" data-end=\"236\">style<\/strong> se rencontrent.<\/p><p data-start=\"256\" data-end=\"518\">Notre mission est simple : <strong data-start=\"283\" data-end=\"332\">vous aider \u00e0 transformer vos id\u00e9es en r\u00e9alit\u00e9<\/strong>.<br data-start=\"333\" data-end=\"336\" \/>Chez Kerclend, nous croyons que tout le monde m\u00e9rite d\u2019avoir acc\u00e8s \u00e0 des ressources et produits qui stimulent la cr\u00e9ativit\u00e9, d\u00e9veloppent les comp\u00e9tences et renforcent la confiance.<\/p><p data-start=\"520\" data-end=\"562\">Nous proposons une s\u00e9lection unique de :<\/p><ul data-start=\"563\" data-end=\"819\"><li data-start=\"563\" data-end=\"645\"><p data-start=\"565\" data-end=\"645\">\ud83d\udcda <strong data-start=\"568\" data-end=\"578\">Ebooks<\/strong> pratiques et inspirants pour apprendre, entreprendre et \u00e9voluer.<\/p><\/li><li data-start=\"646\" data-end=\"736\"><p data-start=\"648\" data-end=\"736\">\ud83d\udc55 <strong data-start=\"651\" data-end=\"664\">V\u00eatements<\/strong> au design moderne qui refl\u00e8tent votre personnalit\u00e9 et votre ambition.<\/p><\/li><li data-start=\"737\" data-end=\"819\"><p data-start=\"739\" data-end=\"819\">\ud83c\udf81 <strong data-start=\"742\" data-end=\"772\">Bonus num\u00e9riques exclusifs<\/strong> pour booster vos projets et votre quotidien.<\/p><\/li><\/ul><h3 data-start=\"821\" data-end=\"854\"><strong data-start=\"825\" data-end=\"852\">Pourquoi nous choisir ?<\/strong><\/h3><ul data-start=\"855\" data-end=\"1180\"><li data-start=\"855\" data-end=\"984\"><p data-start=\"857\" data-end=\"984\"><strong data-start=\"857\" data-end=\"889\">Qualit\u00e9 et professionnalisme<\/strong> : chaque produit est soigneusement s\u00e9lectionn\u00e9 ou con\u00e7u pour offrir la meilleure exp\u00e9rience.<\/p><\/li><li data-start=\"985\" data-end=\"1078\"><p data-start=\"987\" data-end=\"1078\"><strong data-start=\"987\" data-end=\"1004\">Accessibilit\u00e9<\/strong> : nous croyons que le savoir et le style ne devraient pas \u00eatre un luxe.<\/p><\/li><li data-start=\"1079\" data-end=\"1180\"><p data-start=\"1081\" data-end=\"1180\"><strong data-start=\"1081\" data-end=\"1105\">Innovation constante<\/strong> : notre catalogue \u00e9volue pour rester toujours en phase avec vos besoins.<\/p><\/li><\/ul><p data-start=\"1182\" data-end=\"1323\">Chez Kerclend, vous ne trouvez pas seulement des produits\u2026<br data-start=\"1240\" data-end=\"1243\" \/><strong data-start=\"1243\" data-end=\"1321\">Vous trouvez une source d\u2019inspiration et un partenaire dans vos ambitions.<\/strong><\/p><h1 data-start=\"149\" data-end=\"176\"><strong data-start=\"151\" data-end=\"174\">\u00a0 \u00a0 \u00a0 \u00a0 \u00a0 \u00a0 \u00a0 \u00a0 \u00a0 \u00a0 \u00a0 \u00a0 \u00a0 \u00a0 \u00a0 \u00a0 \u00a0 \u00a0 \u00a0 \u00a0Welcome to Kerclend<\/strong><\/h1><p data-start=\"177\" data-end=\"215\">\u2728 <em data-start=\"179\" data-end=\"211\">Where Inspiration Meets Action<\/em> \u2728<\/p><p data-start=\"217\" data-end=\"505\">At <strong data-start=\"220\" data-end=\"232\">Kerclend<\/strong>, we combine <strong data-start=\"245\" data-end=\"281\">knowledge, creativity, and style<\/strong> to help you achieve your goals.<br data-start=\"313\" data-end=\"316\" \/>From <strong data-start=\"321\" data-end=\"331\">ebooks<\/strong> that fuel your mind, to <strong data-start=\"356\" data-end=\"367\">apparel<\/strong> that speaks your ambition, and <strong data-start=\"399\" data-end=\"418\">digital bonuses<\/strong> that boost your journey \u2014 everything we offer is designed with your success in mind.<\/p><p data-start=\"507\" data-end=\"580\"><strong data-start=\"507\" data-end=\"529\">Your ideas matter.<\/strong><br data-start=\"529\" data-end=\"532\" \/>We\u2019re here to help you turn them into reality.<\/p><hr data-start=\"1325\" data-end=\"1328\" \/>\t\t\t\t\t\t\t\t<\/div>\n\t\t\t\t\t<\/div>\n\t\t\t\t<\/div>\n\t\t\t\t<\/div>\n\t\t","protected":false},"excerpt":{"rendered":"<p>\u00c0 propos de Kerclend \u00a0 \u00a0 \u00a0 \u00a0 \u00a0 \u00a0Bienvenue chez Kerclend \u2013 l\u2019univers o\u00f9 inspiration, connaissances et style se rencontrent. Notre mission est simple : vous aider \u00e0 transformer vos id\u00e9es en r\u00e9alit\u00e9.Chez Kerclend, nous croyons que tout le monde m\u00e9rite d\u2019avoir acc\u00e8s \u00e0 des ressources et produits qui stimulent la cr\u00e9ativit\u00e9, d\u00e9veloppent les&#8230;<\/p>\n","protected":false},"author":1,"featured_media":0,"parent":0,"menu_order":0,"comment_status":"closed","ping_status":"closed","template":"","meta":{"_kad_post_transparent":"","_kad_post_title":"hide","_kad_post_layout":"fullwidth","_kad_post_sidebar_id":"","_kad_post_content_style":"unboxed","_kad_post_vertical_padding":"hide","_kad_post_feature":"hide","_kad_post_feature_position":"","_kad_post_header":false,"_kad_post_footer":false,"_kad_post_classname":"","footnotes":""},"class_list":["post-39","page","type-page","status-publish","hentry"],"jetpack_sharing_enabled":true,"_links":{"self":[{"href":"https:\/\/kerclend.com\/index.php?rest_route=\/wp\/v2\/pages\/39","targetHints":{"allow":["GET"]}}],"collection":[{"href":"https:\/\/kerclend.com\/index.php?rest_route=\/wp\/v2\/pages"}],"about":[{"href":"https:\/\/kerclend.com\/index.php?rest_route=\/wp\/v2\/types\/page"}],"author":[{"embeddable":true,"href":"https:\/\/kerclend.com\/index.php?rest_route=\/wp\/v2\/users\/1"}],"replies":[{"embeddable":true,"href":"https:\/\/kerclend.com\/index.php?rest_route=%2Fwp%2Fv2%2Fcomments&post=39"}],"version-history":[{"count":13,"href":"https:\/\/kerclend.com\/index.php?rest_route=\/wp\/v2\/pages\/39\/revisions"}],"predecessor-version":[{"id":548,"href":"https:\/\/kerclend.com\/index.php?rest_route=\/wp\/v2\/pages\/39\/revisions\/548"}],"wp:attachment":[{"href":"https:\/\/kerclend.com\/index.php?rest_route=%2Fwp%2Fv2%2Fmedia&parent=39"}],"curies":[{"name":"wp","href":"https:\/\/api.w.org\/{rel}","templated":true}]}}